{"id":1179,"date":"2024-11-26T10:34:52","date_gmt":"2024-11-26T03:34:52","guid":{"rendered":"https:\/\/vonguyen.com.vn\/?post_type=product&#038;p=1179"},"modified":"2025-09-24T16:09:32","modified_gmt":"2025-09-24T09:09:32","slug":"canon-p215ii","status":"publish","type":"product","link":"https:\/\/vonguyen.com.vn\/?product=canon-p215ii","title":{"rendered":"Canon P215II"},"content":{"rendered":"<ul>\n<li>M\u00e1y Scan 2 m\u1eb7t\u00a0 \u2013 new 98% \u2013 nh\u1ecf g\u1ecdn<\/li>\n<li>\u2013 Lo\u1ea1i m\u00e1y qu\u00e9t : Qu\u00e9t 2 m\u1eb7t t\u1ef1 \u0111\u1ed9ng,<\/li>\n<li>\u2013 Kh\u1ed5 gi\u1ea5y scan t\u1ed1i \u0111a : A4 \u2013<\/li>\n<li><\/li>\n<\/ul>\n","protected":false},"excerpt":{"rendered":"<p>M\u00e1y Scan 2 m\u1eb7t\u00a0 \u2013 new 98% \u2013 nh\u1ecf g\u1ecdn \u2013 Lo\u1ea1i m\u00e1y qu\u00e9t : Qu\u00e9t 2 m\u1eb7t t\u1ef1 \u0111\u1ed9ng, \u2013 Kh\u1ed5 gi\u1ea5y scan t\u1ed1i \u0111a : A4 \u2013<\/p>\n","protected":false},"featured_media":1183,"template":"","meta":{"_bst_post_transparent":"default","_bst_post_title":"","_bst_post_layout":"default","_bst_post_sidebar_id":"","_bst_post_content_style":"default","_bst_post_vertical_padding":"default","_bst_post_feature":"","_bst_post_feature_position":"","_bst_post_header":false,"_bst_post_footer":false},"product_cat":[86],"product_tag":[113],"product_brands":[],"class_list":{"0":"post-1179","1":"product","2":"type-product","3":"status-publish","4":"has-post-thumbnail","6":"product_cat-scan-cu","7":"product_tag-canon","9":"first","10":"instock","11":"featured","12":"shipping-taxable","13":"purchasable","14":"product-type-simple","15":"entry","16":"content-bg","17":"loop-entry"},"_links":{"self":[{"href":"https:\/\/vonguyen.com.vn\/index.php?rest_route=\/wp\/v2\/product\/1179","targetHints":{"allow":["GET"]}}],"collection":[{"href":"https:\/\/vonguyen.com.vn\/index.php?rest_route=\/wp\/v2\/product"}],"about":[{"href":"https:\/\/vonguyen.com.vn\/index.php?rest_route=\/wp\/v2\/types\/product"}],"version-history":[{"count":0,"href":"https:\/\/vonguyen.com.vn\/index.php?rest_route=\/wp\/v2\/product\/1179\/revisions"}],"wp:featuredmedia":[{"embeddable":true,"href":"https:\/\/vonguyen.com.vn\/index.php?rest_route=\/wp\/v2\/media\/1183"}],"wp:attachment":[{"href":"https:\/\/vonguyen.com.vn\/index.php?rest_route=%2Fwp%2Fv2%2Fmedia&parent=1179"}],"wp:term":[{"taxonomy":"product_cat","embeddable":true,"href":"https:\/\/vonguyen.com.vn\/index.php?rest_route=%2Fwp%2Fv2%2Fproduct_cat&post=1179"},{"taxonomy":"product_tag","embeddable":true,"href":"https:\/\/vonguyen.com.vn\/index.php?rest_route=%2Fwp%2Fv2%2Fproduct_tag&post=1179"},{"taxonomy":"product_brands","embeddable":true,"href":"https:\/\/vonguyen.com.vn\/index.php?rest_route=%2Fwp%2Fv2%2Fproduct_brands&post=1179"}],"curies":[{"name":"wp","href":"https:\/\/api.w.org\/{rel}","templated":true}]}}