{"id":1289,"date":"2024-11-26T13:57:01","date_gmt":"2024-11-26T06:57:01","guid":{"rendered":"https:\/\/vonguyen.com.vn\/?post_type=product&#038;p=1289"},"modified":"2024-11-26T13:57:01","modified_gmt":"2024-11-26T06:57:01","slug":"phan-mem-kaspersky-plus","status":"publish","type":"product","link":"https:\/\/vonguyen.com.vn\/?product=phan-mem-kaspersky-plus","title":{"rendered":"Ph\u1ea7n m\u1ec1m Kaspersky Plus"},"content":{"rendered":"<ul>\n<li>H\u1ed7 tr\u1ee3 1 t\u00e0i kho\u1ea3n cho 1 thi\u1ebft b\u1ecb<\/li>\n<li>Th\u1eddi h\u1ea1n b\u1ea3n quy\u1ec1n: 1 n\u0103m<\/li>\n<li>B\u1ea3o m\u1eadt v\u1edbi t\u01b0\u1eddng l\u1eeda v\u00e0 ch\u1ed1ng l\u1eeba \u0111\u1ea3o<\/li>\n<li>C\u00f3 h\u1ed7 tr\u1ee3 c\u00e1c t\u00ednh n\u0103ng v\u1ec1 quy\u1ec1n ri\u00eang t\u01b0<\/li>\n<li>T\u01b0\u01a1ng th\u00edch v\u1edbi Win \/ macOS \/ Android \/ iOS<\/li>\n<\/ul>\n","protected":false},"excerpt":{"rendered":"<p>H\u1ed7 tr\u1ee3 1 t\u00e0i kho\u1ea3n cho 1 thi\u1ebft b\u1ecb Th\u1eddi h\u1ea1n b\u1ea3n quy\u1ec1n: 1 n\u0103m B\u1ea3o m\u1eadt v\u1edbi t\u01b0\u1eddng l\u1eeda v\u00e0 ch\u1ed1ng l\u1eeba \u0111\u1ea3o C\u00f3 h\u1ed7 tr\u1ee3 c\u00e1c t\u00ednh n\u0103ng v\u1ec1 quy\u1ec1n ri\u00eang t\u01b0 T\u01b0\u01a1ng th\u00edch v\u1edbi Win \/ macOS \/ Android \/ iOS<\/p>\n","protected":false},"featured_media":1291,"template":"","meta":{"_bst_post_transparent":"default","_bst_post_title":"","_bst_post_layout":"default","_bst_post_sidebar_id":"","_bst_post_content_style":"default","_bst_post_vertical_padding":"default","_bst_post_feature":"","_bst_post_feature_position":"","_bst_post_header":false,"_bst_post_footer":false},"product_cat":[106],"product_tag":[114],"product_brands":[],"class_list":{"0":"post-1289","1":"product","2":"type-product","3":"status-publish","4":"has-post-thumbnail","6":"product_cat-phan-mem","7":"product_tag-kaspersky","9":"first","10":"instock","11":"shipping-taxable","12":"purchasable","13":"product-type-simple","14":"entry","15":"content-bg","16":"loop-entry"},"_links":{"self":[{"href":"https:\/\/vonguyen.com.vn\/index.php?rest_route=\/wp\/v2\/product\/1289","targetHints":{"allow":["GET"]}}],"collection":[{"href":"https:\/\/vonguyen.com.vn\/index.php?rest_route=\/wp\/v2\/product"}],"about":[{"href":"https:\/\/vonguyen.com.vn\/index.php?rest_route=\/wp\/v2\/types\/product"}],"version-history":[{"count":0,"href":"https:\/\/vonguyen.com.vn\/index.php?rest_route=\/wp\/v2\/product\/1289\/revisions"}],"wp:featuredmedia":[{"embeddable":true,"href":"https:\/\/vonguyen.com.vn\/index.php?rest_route=\/wp\/v2\/media\/1291"}],"wp:attachment":[{"href":"https:\/\/vonguyen.com.vn\/index.php?rest_route=%2Fwp%2Fv2%2Fmedia&parent=1289"}],"wp:term":[{"taxonomy":"product_cat","embeddable":true,"href":"https:\/\/vonguyen.com.vn\/index.php?rest_route=%2Fwp%2Fv2%2Fproduct_cat&post=1289"},{"taxonomy":"product_tag","embeddable":true,"href":"https:\/\/vonguyen.com.vn\/index.php?rest_route=%2Fwp%2Fv2%2Fproduct_tag&post=1289"},{"taxonomy":"product_brands","embeddable":true,"href":"https:\/\/vonguyen.com.vn\/index.php?rest_route=%2Fwp%2Fv2%2Fproduct_brands&post=1289"}],"curies":[{"name":"wp","href":"https:\/\/api.w.org\/{rel}","templated":true}]}}