{"id":1994,"date":"2024-12-18T09:38:01","date_gmt":"2024-12-18T02:38:01","guid":{"rendered":"https:\/\/vonguyen.com.vn\/?post_type=product&#038;p=1994"},"modified":"2024-12-18T09:38:01","modified_gmt":"2024-12-18T02:38:01","slug":"hop-muc-12a","status":"publish","type":"product","link":"https:\/\/vonguyen.com.vn\/?product=hop-muc-12a","title":{"rendered":"H\u1ed9p m\u1ef1c 12A"},"content":{"rendered":"<p>\u2013 H\u1ed9p m\u1ef1c VN \u2013 12A<\/p>\n<p>D\u00f9ng cho m\u00e1y in:<br \/>\nCho m\u00e1y HP 1010\/1020<br \/>\nCanon LBP 2900\/3000<br \/>\n\u2014\u2014\u2014\u2014\u2014\u2014\u2014\u2014\u2014\u2014\u2014\u2014\u2014\u2014\u2014\u2014\u2014\u2014\u2014\u2014\u2014-<br \/>\nM\u1ef1c th\u01b0\u01a1ng hi\u1ec7u V\u00f5 Nguy\u1ec5n<br \/>\nB\u1ea3n in \u0111\u1eb9p<br \/>\n\u00cdt m\u1ef1c th\u1ea3i<br \/>\nChi ph\u00ed th\u1ea5p<\/p>\n","protected":false},"excerpt":{"rendered":"<p>\u2013 H\u1ed9p m\u1ef1c VN \u2013 12A D\u00f9ng cho m\u00e1y in: Cho m\u00e1y HP 1010\/1020 Canon LBP 2900\/3000 \u2014\u2014\u2014\u2014\u2014\u2014\u2014\u2014\u2014\u2014\u2014\u2014\u2014\u2014\u2014\u2014\u2014\u2014\u2014\u2014\u2014- M\u1ef1c th\u01b0\u01a1ng hi\u1ec7u V\u00f5 Nguy\u1ec5n B\u1ea3n in \u0111\u1eb9p \u00cdt m\u1ef1c th\u1ea3i Chi ph\u00ed th\u1ea5p<\/p>\n","protected":false},"featured_media":1685,"template":"","meta":{"_bst_post_transparent":"default","_bst_post_title":"","_bst_post_layout":"default","_bst_post_sidebar_id":"","_bst_post_content_style":"default","_bst_post_vertical_padding":"default","_bst_post_feature":"","_bst_post_feature_position":"","_bst_post_header":false,"_bst_post_footer":false},"product_cat":[109],"product_tag":[],"product_brands":[],"class_list":{"0":"post-1994","1":"product","2":"type-product","3":"status-publish","4":"has-post-thumbnail","6":"product_cat-muc-in-vo-nguyen","8":"first","9":"instock","10":"shipping-taxable","11":"product-type-simple","12":"entry","13":"content-bg","14":"loop-entry"},"_links":{"self":[{"href":"https:\/\/vonguyen.com.vn\/index.php?rest_route=\/wp\/v2\/product\/1994","targetHints":{"allow":["GET"]}}],"collection":[{"href":"https:\/\/vonguyen.com.vn\/index.php?rest_route=\/wp\/v2\/product"}],"about":[{"href":"https:\/\/vonguyen.com.vn\/index.php?rest_route=\/wp\/v2\/types\/product"}],"version-history":[{"count":1,"href":"https:\/\/vonguyen.com.vn\/index.php?rest_route=\/wp\/v2\/product\/1994\/revisions"}],"predecessor-version":[{"id":1995,"href":"https:\/\/vonguyen.com.vn\/index.php?rest_route=\/wp\/v2\/product\/1994\/revisions\/1995"}],"wp:featuredmedia":[{"embeddable":true,"href":"https:\/\/vonguyen.com.vn\/index.php?rest_route=\/wp\/v2\/media\/1685"}],"wp:attachment":[{"href":"https:\/\/vonguyen.com.vn\/index.php?rest_route=%2Fwp%2Fv2%2Fmedia&parent=1994"}],"wp:term":[{"taxonomy":"product_cat","embeddable":true,"href":"https:\/\/vonguyen.com.vn\/index.php?rest_route=%2Fwp%2Fv2%2Fproduct_cat&post=1994"},{"taxonomy":"product_tag","embeddable":true,"href":"https:\/\/vonguyen.com.vn\/index.php?rest_route=%2Fwp%2Fv2%2Fproduct_tag&post=1994"},{"taxonomy":"product_brands","embeddable":true,"href":"https:\/\/vonguyen.com.vn\/index.php?rest_route=%2Fwp%2Fv2%2Fproduct_brands&post=1994"}],"curies":[{"name":"wp","href":"https:\/\/api.w.org\/{rel}","templated":true}]}}