{"id":2363,"date":"2026-05-06T10:00:43","date_gmt":"2026-05-06T03:00:43","guid":{"rendered":"https:\/\/vonguyen.com.vn\/?post_type=product&#038;p=2363"},"modified":"2026-05-06T10:02:34","modified_gmt":"2026-05-06T03:02:34","slug":"cap-usb-3-0-1-8m","status":"publish","type":"product","link":"https:\/\/vonguyen.com.vn\/?product=cap-usb-3-0-1-8m","title":{"rendered":"C\u00e1p USB 3.0 1.8m"},"content":{"rendered":"<p>C\u00c1P USB 3.0 D\u00c0I 1m8. H\u00e0ng zin ch\u00ednh h\u00e3ng. Mua s\u1ed1 l\u01b0\u1ee3ng: 45.000k\/ s\u1ee3i.<\/p>\n","protected":false},"excerpt":{"rendered":"<p>C\u00c1P USB 3.0 D\u00c0I 1m8. H\u00e0ng zin ch\u00ednh h\u00e3ng. Mua s\u1ed1 l\u01b0\u1ee3ng: 45.000k\/ s\u1ee3i.<\/p>\n","protected":false},"featured_media":2364,"template":"","meta":{"_bst_post_transparent":"default","_bst_post_title":"","_bst_post_layout":"default","_bst_post_sidebar_id":"","_bst_post_content_style":"default","_bst_post_vertical_padding":"default","_bst_post_feature":"","_bst_post_feature_position":"","_bst_post_header":false,"_bst_post_footer":false},"product_cat":[80,130],"product_tag":[],"product_brands":[],"class_list":{"0":"post-2363","1":"product","2":"type-product","3":"status-publish","4":"has-post-thumbnail","6":"product_cat-lk-scan","7":"product_cat-nguon-cap","9":"first","10":"instock","11":"shipping-taxable","12":"purchasable","13":"product-type-simple","14":"entry","15":"content-bg","16":"loop-entry"},"_links":{"self":[{"href":"https:\/\/vonguyen.com.vn\/index.php?rest_route=\/wp\/v2\/product\/2363","targetHints":{"allow":["GET"]}}],"collection":[{"href":"https:\/\/vonguyen.com.vn\/index.php?rest_route=\/wp\/v2\/product"}],"about":[{"href":"https:\/\/vonguyen.com.vn\/index.php?rest_route=\/wp\/v2\/types\/product"}],"version-history":[{"count":1,"href":"https:\/\/vonguyen.com.vn\/index.php?rest_route=\/wp\/v2\/product\/2363\/revisions"}],"predecessor-version":[{"id":2367,"href":"https:\/\/vonguyen.com.vn\/index.php?rest_route=\/wp\/v2\/product\/2363\/revisions\/2367"}],"wp:featuredmedia":[{"embeddable":true,"href":"https:\/\/vonguyen.com.vn\/index.php?rest_route=\/wp\/v2\/media\/2364"}],"wp:attachment":[{"href":"https:\/\/vonguyen.com.vn\/index.php?rest_route=%2Fwp%2Fv2%2Fmedia&parent=2363"}],"wp:term":[{"taxonomy":"product_cat","embeddable":true,"href":"https:\/\/vonguyen.com.vn\/index.php?rest_route=%2Fwp%2Fv2%2Fproduct_cat&post=2363"},{"taxonomy":"product_tag","embeddable":true,"href":"https:\/\/vonguyen.com.vn\/index.php?rest_route=%2Fwp%2Fv2%2Fproduct_tag&post=2363"},{"taxonomy":"product_brands","embeddable":true,"href":"https:\/\/vonguyen.com.vn\/index.php?rest_route=%2Fwp%2Fv2%2Fproduct_brands&post=2363"}],"curies":[{"name":"wp","href":"https:\/\/api.w.org\/{rel}","templated":true}]}}