{"id":982,"date":"2024-11-23T13:29:05","date_gmt":"2024-11-23T06:29:05","guid":{"rendered":"https:\/\/vonguyen.com.vn\/?post_type=product&#038;p=982"},"modified":"2024-12-03T08:57:29","modified_gmt":"2024-12-03T01:57:29","slug":"panel-hp-m404-m402","status":"publish","type":"product","link":"https:\/\/vonguyen.com.vn\/?product=panel-hp-m404-m402","title":{"rendered":"Panel HP M404\/M402"},"content":{"rendered":"<p>H\u00e0ng zin th\u00e1o m\u00e1y<\/p>\n<p>&nbsp;<\/p>\n","protected":false},"excerpt":{"rendered":"<p><img decoding=\"async\" class=\"alignnone size-medium wp-image-986\" src=\"https:\/\/vonguyen.com.vn\/wp-content\/uploads\/2024\/11\/9f8b17f72c888ed6d79916-300x166.jpg\" alt=\"\" width=\"300\" height=\"166\" srcset=\"https:\/\/vonguyen.com.vn\/wp-content\/uploads\/2024\/11\/9f8b17f72c888ed6d79916-300x166.jpg 300w, https:\/\/vonguyen.com.vn\/wp-content\/uploads\/2024\/11\/9f8b17f72c888ed6d79916-1024x566.jpg 1024w, https:\/\/vonguyen.com.vn\/wp-content\/uploads\/2024\/11\/9f8b17f72c888ed6d79916-768x425.jpg 768w, https:\/\/vonguyen.com.vn\/wp-content\/uploads\/2024\/11\/9f8b17f72c888ed6d79916-600x332.jpg 600w, https:\/\/vonguyen.com.vn\/wp-content\/uploads\/2024\/11\/9f8b17f72c888ed6d79916.jpg 1280w\" sizes=\"(max-width: 300px) 100vw, 300px\" \/><\/p>\n","protected":false},"featured_media":986,"template":"","meta":{"_bst_post_transparent":"default","_bst_post_title":"","_bst_post_layout":"default","_bst_post_sidebar_id":"","_bst_post_content_style":"default","_bst_post_vertical_padding":"default","_bst_post_feature":"","_bst_post_feature_position":"","_bst_post_header":false,"_bst_post_footer":false},"product_cat":[104,137,121],"product_tag":[],"product_brands":[132],"class_list":{"0":"post-982","1":"product","2":"type-product","3":"status-publish","4":"has-post-thumbnail","6":"product_cat-linh-kien-may-in","7":"product_cat-linh-kien-may-laser","8":"product_cat-panel-scan-nhiet","9":"product_brands-hp","11":"first","12":"instock","13":"shipping-taxable","14":"purchasable","15":"product-type-simple","16":"entry","17":"content-bg","18":"loop-entry"},"_links":{"self":[{"href":"https:\/\/vonguyen.com.vn\/index.php?rest_route=\/wp\/v2\/product\/982","targetHints":{"allow":["GET"]}}],"collection":[{"href":"https:\/\/vonguyen.com.vn\/index.php?rest_route=\/wp\/v2\/product"}],"about":[{"href":"https:\/\/vonguyen.com.vn\/index.php?rest_route=\/wp\/v2\/types\/product"}],"version-history":[{"count":0,"href":"https:\/\/vonguyen.com.vn\/index.php?rest_route=\/wp\/v2\/product\/982\/revisions"}],"wp:featuredmedia":[{"embeddable":true,"href":"https:\/\/vonguyen.com.vn\/index.php?rest_route=\/wp\/v2\/media\/986"}],"wp:attachment":[{"href":"https:\/\/vonguyen.com.vn\/index.php?rest_route=%2Fwp%2Fv2%2Fmedia&parent=982"}],"wp:term":[{"taxonomy":"product_cat","embeddable":true,"href":"https:\/\/vonguyen.com.vn\/index.php?rest_route=%2Fwp%2Fv2%2Fproduct_cat&post=982"},{"taxonomy":"product_tag","embeddable":true,"href":"https:\/\/vonguyen.com.vn\/index.php?rest_route=%2Fwp%2Fv2%2Fproduct_tag&post=982"},{"taxonomy":"product_brands","embeddable":true,"href":"https:\/\/vonguyen.com.vn\/index.php?rest_route=%2Fwp%2Fv2%2Fproduct_brands&post=982"}],"curies":[{"name":"wp","href":"https:\/\/api.w.org\/{rel}","templated":true}]}}